- 1. Determine r(9).
44
Let k(j) = -2*j - 28. What is k(-11)?
-6
Let t(u) = -28*u**2 + 7*u - 7. What is t(1)?
-28
Let r(g) = g**2 + 3*g - 31. Give r(-9).
23
Let m(d) = d**2 - 5*d - 10. Calculate m(7).
4
Let z(x) = -4*x - 85. Calculate z(-23).
7
Let n(x) = x**3 - 10*x**2 - 22*x - 24. Determine n(12).
0
Let n(p) = -2*p + 9. What is n(5)?
-1
Let r(n) = n**2 - 2*n + 4. Calculate r(1).
3
Let g(p) = p + 14. Determine g(-19).
-5
Let j(o) = -o - 3. Determine j(-1).
-2
Let i(w) = 21*w - 248. Determine i(12).
4
Let j(p) = 10*p - 10. Give j(8).
70
Let j(d) = 2*d. What is j(6)?
12
Let u(z) = -z**3 - 16*z**2 + 64*z + 137. What is u(-19)?
4
Let o(f) = -f**3 + 8*f**2 + 2*f - 11. Determine o(8).
5
Let i(h) = -h**3 + h**2 - 2*h + 4. Determine i(3).
-20
Let a(g) = 4*g**3 + 2*g**2 - 4*g + 2. Calculate a(2).
34
Let r(b) = -9*b - 170. What is r(-18)?
-8
Let c(q) = -q**3 - 3*q**2 + 5*q - 12. Determine c(-5).
13
Let w(n) = -8*n + 22. Calculate w(-9).
94
Let h(f) = f**3 + 10*f**2 + f - 20. Determine h(-9).
52
Let n(j) = -2*j**2 + 7*j. What is n(3)?
3
Let h(a) = -a**2 - 8*a - 10. What is h(-9)?
-19
Let b(m) = -48*m + 157. Determine b(3).
13
Let k(c) = 16*c + 3. Give k(-4).
-61
Let a(x) = 13*x - 2. What is a(7)?
89
Let x(q) = q - 23. Determine x(10).
-13
Let b(x) = x**3 + 13*x**2 - 7*x + 11. Give b(-13).
102
Let k(p) = 3*p + 19. Give k(-6).
1
Let n(d) = -d + 20. Calculate n(0).
20
Let u(x) = -23*x + 850. What is u(37)?
-1
Let o(t) = -93*t - 348. Calculate o(-4).
24
Let f(u) = 13*u + 2. Determine f(4).
54
Let k(a) = 11*a + 3. Determine k(-3).
-30
Let u(v) = -v**3 + v**2 + 3*v - 6. Give u(3).
-15
Let w(a) = -a**3 + 8*a**2 - 4*a - 17. What is w(7)?
4
Let t(y) = 3*y**3 - 4*y**2 + 3*y + 1. Give t(3).
55
Let h(u) = -u**3 - 8*u**2 + 9*u + 17. Give h(-9).
17
Let d(o) = -o**3 - 14*o**2 + o + 16. Calculate d(-14).
2
Let r(h) = -4*h**2 + 2*h + 2. Determine r(-1).
-4
Let b(g) = -g**3 + 8*g**2 - 12*g + 4. Determine b(7).
-31
Let h(j) = -3*j - 32. Calculate h(-12).
4
Let s(l) = -37*l - 4. Give s(-2).
70
Let z(c) = -9*c + 31. What is z(4)?
-5
Let n(x) = x**3 + 2*x**2 - 3*x. Calculate n(-3).
0
Let n(s) = s**2 + 21*s + 78. Determine n(-16).
-2
Let i(h) = -h + 7. Give i(-17).
24
Let x(m) = m**3 + 5*m - 3. Calculate x(2).
15
Let z(d) = 43*d**2 - 5*d - 5. Calculate z(-1).
43
Let x(g) = -g - 9. Give x(-7).
-2
Let h(t) = t**3 + 5*t**2 + 6*t + 29. Give h(-5).
-1
Let z(h) = -h**3 - 2*h**2 + h - 2. Give z(-4).
26
Let u(c) = -17*c**3 + c. Give u(1).
-16
Let k(b) = -10*b + 2. Calculate k(8).
-78
Let u(x) = 12*x - 12. What is u(4)?
36
Let c(l) = 2*l**2 + 16*l - 47. Give c(-10).
-7
Let d(z) = z**3 - 11*z**2 + 22*z - 27. Calculate d(9).
9
Let g(i) = i**2 - 4*i + 26. Calculate g(4).
26
Let g(y) = -y**2 + 12*y - 25. Give g(8).
7
Let j(x) = x**2 - 4*x + 4. Determine j(4).
4
Let p(b) = -b - 20. Determine p(-15).
-5
Let r(k) = -k. What is r(-5)?
5
Let x(k) = -20*k + 610. What is x(30)?
10
Let y(o) = 15*o**2 + 18*o - 17. What is y(1)?
16
Let r(f) = -11*f - 169. Determine r(-15).
-4
Let y(w) = -2*w**2 + 29*w + 64. Calculate y(-2).
-2
Let p(s) = 8*s + 52. Give p(-6).
4
Let k(l) = 2*l**3 - 23*l**2 + 14*l - 33. Give k(11).
0
Let x(t) = -3*t**2 + t + 2. Determine x(2).
-8
Let h(m) = -3*m**2 - 29*m - 11. Give h(-10).
-21
Let i(p) = -2*p**2 - 39*p - 18. Calculate i(-19).
1
Let k(j) = -j**2 + 3*j + 2. What is k(4)?
-2
Let w(k) = k**2 + 3*k - 40. What is w(-7)?
-12
Let u(y) = 7*y**3 - 13*y**2 + 12*y - 1. Calculate u(1).
5
Let f(k) = 3*k**2 + 29*k - 22. What is f(-9)?
-40
Let q(j) = j**3 + 2*j**2 - 5*j - 4. Calculate q(-3).
2
Let u(q) = -q**3 + 7*q**2 - 3*q + 16. Determine u(7).
-5
Let t(q) = -q + 9. Calculate t(6).
3
Let t(w) = 72*w + 7. What is t(0)?
7
Let v(x) = x**3 + 2*x**2 + 2*x - 1. What is v(2)?
19
Let z(j) = j**2 - 4*j - 3. Calculate z(3).
-6
Let z(d) = d**3 - 7*d**2 - 3*d - 44. Determine z(8).
-4
Let d(g) = g**2 + 48*g + 29. Calculate d(-48).
29
Let u(i) = -i**2 - 13*i - 41. Determine u(-9).
-5
Let b(z) = z**2 + 12*z + 26. Determine b(-14).
54
Let z(o) = -18*o**3 + o**2. Calculate z(-1).
19
Let l(f) = -3*f**2 + 5*f - 2. Give l(3).
-14
Let s(k) = 16*k - 32. Determine s(5).
48
Let o(c) = 18*c - 110. Give o(6).
-2
Let z(y) = -y**3 + 7*y**2 + 7. Give z(7).
7
Let g(x) = x + 18. Calculate g(-17).
1
Let m(a) = -7*a + 4. Calculate m(-1).
11
Let v(d) = -d + 13. What is v(3)?
10
Let b(f) = -f**2 + 19*f - 14. Determine b(7).
70
Let g(x) = 2*x**2 - 15*x - 45. Calculate g(10).
5
Let p(u) = -3*u**3 + 11*u**2 + 5*u + 2. Determine p(4).
6
Let y(d) = -d**2 - 18*d - 93. Calculate y(-10).
-13
Let q(k) = k + 9. Calculate q(-7).
2
Let f(w) = -15*w + 3. Calculate f(3).
-42
Let a(h) = -h**2 + 4*h + 3. Determine a(-2).
-9
Let r(f) = -17*f**2. Calculate r(1).
-17
Let m(d) = -d**3 + 3*d**2 - 3*d - 4. Give m(2).
-6
Let v(x) = -26*x + 84. What is v(3)?
6
Let g(s) = s**2 - 7*s - 7. Give g(6).
-13
Let t(b) = -56*b**3 - b**2 - 2*b - 1. Give t(-1).
56
Let b(l) = -5*l + 45. What is b(10)?
-5
Let a(f) = -62*f - 120. Determine a(-2).
4
Let d(t) = t**3 - 14*t**2 + t - 11. What is d(14)?
3
Let k(i) = -i - 7. Give k(-9).
2
Let t(d) = -d**2 + 6*d - 5. Calculate t(2).
3
Let b(l) = 8*l + 22. What is b(-3)?
-2
Let o(n) = n**2 + 14*n + 12. What is o(-14)?
12
Let m(t) = -t**2 - t - 4. What is m(5)?
-34
Let m(z) = 4*z - 14. Calculate m(11).
30
Let j(f) = -f**3 + 39*f**2 - 41*f + 49. Calculate j(38).
-65
Let p(f) = f**3 + 10*f**2 - 12*f - 18. Determine p(-12).
-162
Let n(i) = -i**2 - 8*i - 7. Give n(-5).
8
Let v(r) = -r**2 + 20*r - 35. What is v(16)?
29
Let x(k) = k**2 + 8*k - 40. Determine x(-11).
-7
Let f(w) = -9*w**3 - 2*w**2 + 7*w + 5. Give f(-2).
55
Let g(u) = -4*u**2 + 155*u + 26. Calculate g(39).
-13
Let j(i) = 8*i + 239. Calculate j(-29).
7
Let p(k) = -158*k - 1424. Calculate p(-9).
-2
Let s(o) = o**3 - 10*o**2 + 6*o - 3. Give s(9).
-30
Let p(x) = -7*x**2 + 41*x - 12. Calculate p(6).
-18
Let c(i) = -i**2 + 4*i - 25. Calculate c(0).
-25
Let a(b) = b**2 + 20*b + 26. Calculate a(-18).
-10
Let h(m) = -4*m - 9. Calculate h(-6).
15
Let i(s) = 8*s - 3. Calculate i(-5).
-43
Let z(n) = 10*n - 2. What is z(-2)?
-22
Let n(i) = i**3 - 4. Give n(2).
4
Let x(a) = 15*a**3. Calculate x(-1).
-15
Let b(h) = -3*h**2 - 12*h + 30. Give b(-6).
-6
Let c(u) = -u + 33. What is c(4)?
29
Let p(i) = -2*i**2 - 14*i - 7. Give p(-9).
-43
Let u(x) = x**3 + 7*x**2 + 3*x + 16. What is u(-7)?
-5
Let p(w) = -w**2 + 19*w + 21. Calculate p(19).
21
Let f(g) = -g**2 - 8*g - 5. Calculate f(-6).
7
Let t(v) = v**3 + 7*v**2 - 18*v - 38. Give t(-9).
-38
Let i(g) = g**3 - 5*g**2 - 18*g + 2. Determine i(8).
50
Let x(h) = h**3 + 11*h**2 + 31*h + 3. Calculate x(-6).
-3
Let k(g) = g + 10. Determine k(-20).
-10
Let w(y) = -y**3 + 28*y**2 - 2*y + 54. Give w(28).
-2
Let z(r) = 13*r + 149. Give z(-5).
84
Let n(k) = k**3 - 6*k + 1. What is n(2)?
-3
Let v(f) = f**2 + 29*f + 68. Calculate v(-25).
-32
Let h(a) = 9*a + 8. Determine h(-5).
-37
Let a(f) = 7*f**2 - 2*f - 9. Give a(4).
95
Let x(o) = -o**2 + 11. What is x(0)?
11
Let m(x) = 4*x**2 - 3*x + 4. Give m(-3).
49
Let b(y) = -2*y**2 - 17*y - 3. What is b(-8)?
5
Let c(j) = j - 50. Determine c(17).
-33
Let o(y) = y**2 + 10*y + 20. Determine o(-3).
-1
Let z(n) = n**3 - 23*n**2 + 23*n - 21. Calculate z(22).
1
Let w(p) = p**2 - 80*p + 1064. Give w(63).
-7
Let s(z) = -z**3 - 5*z**2 - 6*z - 4. Determine s(-3).
-4
Let s(k) = -2*k**2 - 13*k + 13. Determine s(-9).
-32
Let y(l) = 2*l**3 - 49*l**2 - 37*l + 298. What is y(25)?
-2
Let q(u) = 11*u**2 + 75*u - 6. What is q(-7)?
8
Let d(w) = w**2 - 16*w - 4. What is d(13)?
-43
Let h(u) = -2*u**2 - 10*u + 30. Give h(-7).
2
Let t(d) = -d**3 - 11*d**2. Determine t(-11).
0
Let w(i) = i**3 - 16*i**2 + 25*i + 12. What is w(14)?
-30
Let c(h) = -64*h + 268. Calculate c(4).
12
Let m(o) = o**2 - 6*o - 3. Determine m(3).
-12
Let l(n) = -n - 5. Give l(-6).
1
Let i(q) = -8*q - 101. Calculate i(-12).
-5
Let n(l) = -2*l + 20. Determine n(14).
-8
Let m(a) = -2*a**2 - 2. Give m(1).
-4
Let b(m) = m**3 - 16*m**2 + 8*m + 101. Determine b(15).
-4
Let f(g) = g + 3. Determine f(13).
16
Let f(t) = -3*t + 23. Calculate f(-5).
38
Let n(w) = -w**2 + 31*w + 63. Calculate n(33).
-3
Let f(w) = w**3 - w**2 + 3*w - 1. Determine f(-3).
-46
Let v(c) = -c**3 + 7*c**2 - 2*c - 7. What is v(6)?
17
Let l(a) = 2*a - 14. Calculate l(11).
8
Let x(v)